{"id":85,"date":"2024-04-15T20:17:28","date_gmt":"2024-04-15T20:17:28","guid":{"rendered":"https:\/\/nv-kaientroler.de\/?page_id=85"},"modified":"2026-02-06T07:56:24","modified_gmt":"2026-02-06T07:56:24","slug":"ansprechpersonen","status":"publish","type":"page","link":"http:\/\/nv-kaientroler.de\/?page_id=85","title":{"rendered":"Ansprechpersonen"},"content":{"rendered":"\n<figure class=\"wp-block-image size-large\"><img loading=\"lazy\" decoding=\"async\" width=\"1024\" height=\"731\" src=\"https:\/\/nv-kaientroler.de\/wp-content\/uploads\/2024\/09\/642A7805-1024x731.jpg\" alt=\"\" class=\"wp-image-125\" srcset=\"http:\/\/nv-kaientroler.de\/wp-content\/uploads\/2024\/09\/642A7805-1024x731.jpg 1024w, http:\/\/nv-kaientroler.de\/wp-content\/uploads\/2024\/09\/642A7805-300x214.jpg 300w, http:\/\/nv-kaientroler.de\/wp-content\/uploads\/2024\/09\/642A7805-768x549.jpg 768w, http:\/\/nv-kaientroler.de\/wp-content\/uploads\/2024\/09\/642A7805-1536x1097.jpg 1536w, http:\/\/nv-kaientroler.de\/wp-content\/uploads\/2024\/09\/642A7805-2048x1463.jpg 2048w, http:\/\/nv-kaientroler.de\/wp-content\/uploads\/2024\/09\/642A7805-850x607.jpg 850w\" sizes=\"(max-width: 1024px) 100vw, 1024px\" \/><\/figure>\n\n\n\n<figure class=\"wp-block-image size-large is-resized\"><img loading=\"lazy\" decoding=\"async\" width=\"731\" height=\"1024\" src=\"https:\/\/nv-kaientroler.de\/wp-content\/uploads\/2024\/09\/642A7919-731x1024.jpg\" alt=\"\" class=\"wp-image-108\" style=\"width:255px;height:auto\" srcset=\"http:\/\/nv-kaientroler.de\/wp-content\/uploads\/2024\/09\/642A7919-731x1024.jpg 731w, http:\/\/nv-kaientroler.de\/wp-content\/uploads\/2024\/09\/642A7919-214x300.jpg 214w, http:\/\/nv-kaientroler.de\/wp-content\/uploads\/2024\/09\/642A7919-768x1075.jpg 768w, http:\/\/nv-kaientroler.de\/wp-content\/uploads\/2024\/09\/642A7919-1097x1536.jpg 1097w, http:\/\/nv-kaientroler.de\/wp-content\/uploads\/2024\/09\/642A7919-1463x2048.jpg 1463w, http:\/\/nv-kaientroler.de\/wp-content\/uploads\/2024\/09\/642A7919-300x420.jpg 300w, http:\/\/nv-kaientroler.de\/wp-content\/uploads\/2024\/09\/642A7919-850x1190.jpg 850w, http:\/\/nv-kaientroler.de\/wp-content\/uploads\/2024\/09\/642A7919-scaled.jpg 1828w\" sizes=\"(max-width: 731px) 100vw, 731px\" \/><\/figure>\n\n\n\n<p>Jessica Preisig&nbsp;<br><em>Narrenpr\u00e4sidentin (1. Vorstand)<\/em><\/p>\n\n\n\n<figure class=\"wp-block-image size-large is-resized\"><img loading=\"lazy\" decoding=\"async\" width=\"700\" height=\"1024\" src=\"https:\/\/nv-kaientroler.de\/wp-content\/uploads\/2025\/02\/Platzhalter-700x1024.jpg\" alt=\"\" class=\"wp-image-269\" style=\"width:255px;height:auto\" srcset=\"http:\/\/nv-kaientroler.de\/wp-content\/uploads\/2025\/02\/Platzhalter-700x1024.jpg 700w, http:\/\/nv-kaientroler.de\/wp-content\/uploads\/2025\/02\/Platzhalter-205x300.jpg 205w, http:\/\/nv-kaientroler.de\/wp-content\/uploads\/2025\/02\/Platzhalter-768x1123.jpg 768w, http:\/\/nv-kaientroler.de\/wp-content\/uploads\/2025\/02\/Platzhalter-1050x1536.jpg 1050w, http:\/\/nv-kaientroler.de\/wp-content\/uploads\/2025\/02\/Platzhalter-300x439.jpg 300w, http:\/\/nv-kaientroler.de\/wp-content\/uploads\/2025\/02\/Platzhalter-850x1243.jpg 850w, http:\/\/nv-kaientroler.de\/wp-content\/uploads\/2025\/02\/Platzhalter.jpg 1176w\" sizes=\"(max-width: 700px) 100vw, 700px\" \/><\/figure>\n\n\n\n<p>Heike Raabe<br><em>Vorsitzende der Narrenschar (2. Vorstand)<\/em><\/p>\n\n\n\n<figure class=\"wp-block-image size-large is-resized\"><img loading=\"lazy\" decoding=\"async\" width=\"700\" height=\"1024\" src=\"http:\/\/nv-kaientroler.de\/wp-content\/uploads\/2025\/02\/Platzhalter-700x1024.jpg\" alt=\"\" class=\"wp-image-269\" style=\"width:256px;height:auto\" srcset=\"http:\/\/nv-kaientroler.de\/wp-content\/uploads\/2025\/02\/Platzhalter-700x1024.jpg 700w, http:\/\/nv-kaientroler.de\/wp-content\/uploads\/2025\/02\/Platzhalter-205x300.jpg 205w, http:\/\/nv-kaientroler.de\/wp-content\/uploads\/2025\/02\/Platzhalter-768x1123.jpg 768w, http:\/\/nv-kaientroler.de\/wp-content\/uploads\/2025\/02\/Platzhalter-1050x1536.jpg 1050w, http:\/\/nv-kaientroler.de\/wp-content\/uploads\/2025\/02\/Platzhalter-300x439.jpg 300w, http:\/\/nv-kaientroler.de\/wp-content\/uploads\/2025\/02\/Platzhalter-850x1243.jpg 850w, http:\/\/nv-kaientroler.de\/wp-content\/uploads\/2025\/02\/Platzhalter.jpg 1176w\" sizes=\"(max-width: 700px) 100vw, 700px\" \/><\/figure>\n\n\n\n<p>Sigrid Waibel<br><em>Kassierer<\/em>in<\/p>\n\n\n\n<figure class=\"wp-block-image size-large is-resized\"><img loading=\"lazy\" decoding=\"async\" width=\"731\" height=\"1024\" src=\"http:\/\/nv-kaientroler.de\/wp-content\/uploads\/2024\/09\/642A7888-731x1024.jpg\" alt=\"\" class=\"wp-image-111\" style=\"width:266px;height:auto\" srcset=\"http:\/\/nv-kaientroler.de\/wp-content\/uploads\/2024\/09\/642A7888-731x1024.jpg 731w, http:\/\/nv-kaientroler.de\/wp-content\/uploads\/2024\/09\/642A7888-214x300.jpg 214w, http:\/\/nv-kaientroler.de\/wp-content\/uploads\/2024\/09\/642A7888-768x1075.jpg 768w, http:\/\/nv-kaientroler.de\/wp-content\/uploads\/2024\/09\/642A7888-1097x1536.jpg 1097w, http:\/\/nv-kaientroler.de\/wp-content\/uploads\/2024\/09\/642A7888-1463x2048.jpg 1463w, http:\/\/nv-kaientroler.de\/wp-content\/uploads\/2024\/09\/642A7888-300x420.jpg 300w, http:\/\/nv-kaientroler.de\/wp-content\/uploads\/2024\/09\/642A7888-850x1190.jpg 850w, http:\/\/nv-kaientroler.de\/wp-content\/uploads\/2024\/09\/642A7888-scaled.jpg 1828w\" sizes=\"(max-width: 731px) 100vw, 731px\" \/><\/figure>\n\n\n\n<p>Thomas Waibel<br><em>Zimmerermeister<\/em><\/p>\n\n\n\n<figure class=\"wp-block-image size-large is-resized\"><img loading=\"lazy\" decoding=\"async\" width=\"731\" height=\"1024\" src=\"https:\/\/nv-kaientroler.de\/wp-content\/uploads\/2024\/09\/642A7911-731x1024.jpg\" alt=\"\" class=\"wp-image-113\" style=\"width:264px;height:auto\" srcset=\"http:\/\/nv-kaientroler.de\/wp-content\/uploads\/2024\/09\/642A7911-731x1024.jpg 731w, http:\/\/nv-kaientroler.de\/wp-content\/uploads\/2024\/09\/642A7911-214x300.jpg 214w, http:\/\/nv-kaientroler.de\/wp-content\/uploads\/2024\/09\/642A7911-768x1075.jpg 768w, http:\/\/nv-kaientroler.de\/wp-content\/uploads\/2024\/09\/642A7911-1097x1536.jpg 1097w, http:\/\/nv-kaientroler.de\/wp-content\/uploads\/2024\/09\/642A7911-1463x2048.jpg 1463w, http:\/\/nv-kaientroler.de\/wp-content\/uploads\/2024\/09\/642A7911-300x420.jpg 300w, http:\/\/nv-kaientroler.de\/wp-content\/uploads\/2024\/09\/642A7911-850x1190.jpg 850w, http:\/\/nv-kaientroler.de\/wp-content\/uploads\/2024\/09\/642A7911-scaled.jpg 1828w\" sizes=\"(max-width: 731px) 100vw, 731px\" \/><\/figure>\n\n\n\n<p>Dominik Schatz<br><em>Schriftf\u00fchrer<\/em><\/p>\n\n\n\n<figure class=\"wp-block-image size-large is-resized\"><img loading=\"lazy\" decoding=\"async\" width=\"700\" height=\"1024\" src=\"http:\/\/nv-kaientroler.de\/wp-content\/uploads\/2025\/02\/Platzhalter-700x1024.jpg\" alt=\"\" class=\"wp-image-269\" style=\"width:267px;height:auto\" srcset=\"http:\/\/nv-kaientroler.de\/wp-content\/uploads\/2025\/02\/Platzhalter-700x1024.jpg 700w, http:\/\/nv-kaientroler.de\/wp-content\/uploads\/2025\/02\/Platzhalter-205x300.jpg 205w, http:\/\/nv-kaientroler.de\/wp-content\/uploads\/2025\/02\/Platzhalter-768x1123.jpg 768w, http:\/\/nv-kaientroler.de\/wp-content\/uploads\/2025\/02\/Platzhalter-1050x1536.jpg 1050w, http:\/\/nv-kaientroler.de\/wp-content\/uploads\/2025\/02\/Platzhalter-300x439.jpg 300w, http:\/\/nv-kaientroler.de\/wp-content\/uploads\/2025\/02\/Platzhalter-850x1243.jpg 850w, http:\/\/nv-kaientroler.de\/wp-content\/uploads\/2025\/02\/Platzhalter.jpg 1176w\" sizes=\"(max-width: 700px) 100vw, 700px\" \/><\/figure>\n\n\n\n<p>Philipp Schatz<br><em>Schriftf\u00fchrer der Zimmerergilde<\/em><\/p>\n\n\n\n<figure class=\"wp-block-image size-large is-resized\"><img loading=\"lazy\" decoding=\"async\" width=\"731\" height=\"1024\" src=\"https:\/\/nv-kaientroler.de\/wp-content\/uploads\/2024\/09\/642A7903-731x1024.jpg\" alt=\"\" class=\"wp-image-117\" style=\"width:271px;height:auto\" srcset=\"http:\/\/nv-kaientroler.de\/wp-content\/uploads\/2024\/09\/642A7903-731x1024.jpg 731w, http:\/\/nv-kaientroler.de\/wp-content\/uploads\/2024\/09\/642A7903-214x300.jpg 214w, http:\/\/nv-kaientroler.de\/wp-content\/uploads\/2024\/09\/642A7903-768x1075.jpg 768w, http:\/\/nv-kaientroler.de\/wp-content\/uploads\/2024\/09\/642A7903-1097x1536.jpg 1097w, http:\/\/nv-kaientroler.de\/wp-content\/uploads\/2024\/09\/642A7903-1463x2048.jpg 1463w, http:\/\/nv-kaientroler.de\/wp-content\/uploads\/2024\/09\/642A7903-300x420.jpg 300w, http:\/\/nv-kaientroler.de\/wp-content\/uploads\/2024\/09\/642A7903-850x1190.jpg 850w, http:\/\/nv-kaientroler.de\/wp-content\/uploads\/2024\/09\/642A7903-scaled.jpg 1828w\" sizes=\"(max-width: 731px) 100vw, 731px\" \/><\/figure>\n\n\n\n<p>Maike Schwarz<br><em>Frauenbeisitzerin<\/em><\/p>\n\n\n\n<figure class=\"wp-block-image size-large is-resized\"><img loading=\"lazy\" decoding=\"async\" width=\"731\" height=\"1024\" src=\"https:\/\/nv-kaientroler.de\/wp-content\/uploads\/2024\/09\/642A7811-731x1024.jpg\" alt=\"\" class=\"wp-image-118\" style=\"width:275px;height:auto\" srcset=\"http:\/\/nv-kaientroler.de\/wp-content\/uploads\/2024\/09\/642A7811-731x1024.jpg 731w, http:\/\/nv-kaientroler.de\/wp-content\/uploads\/2024\/09\/642A7811-214x300.jpg 214w, http:\/\/nv-kaientroler.de\/wp-content\/uploads\/2024\/09\/642A7811-768x1075.jpg 768w, http:\/\/nv-kaientroler.de\/wp-content\/uploads\/2024\/09\/642A7811-1097x1536.jpg 1097w, http:\/\/nv-kaientroler.de\/wp-content\/uploads\/2024\/09\/642A7811-1463x2048.jpg 1463w, http:\/\/nv-kaientroler.de\/wp-content\/uploads\/2024\/09\/642A7811-300x420.jpg 300w, http:\/\/nv-kaientroler.de\/wp-content\/uploads\/2024\/09\/642A7811-850x1190.jpg 850w, http:\/\/nv-kaientroler.de\/wp-content\/uploads\/2024\/09\/642A7811-scaled.jpg 1828w\" sizes=\"(max-width: 731px) 100vw, 731px\" \/><\/figure>\n\n\n\n<p>Janine M\u00fcller<br><em>Frauenbeisitzerin<\/em><\/p>\n\n\n\n<figure class=\"wp-block-image size-large is-resized\"><img loading=\"lazy\" decoding=\"async\" width=\"731\" height=\"1024\" src=\"https:\/\/nv-kaientroler.de\/wp-content\/uploads\/2024\/09\/642A7706-731x1024.jpg\" alt=\"\" class=\"wp-image-119\" style=\"width:281px;height:auto\" srcset=\"http:\/\/nv-kaientroler.de\/wp-content\/uploads\/2024\/09\/642A7706-731x1024.jpg 731w, http:\/\/nv-kaientroler.de\/wp-content\/uploads\/2024\/09\/642A7706-214x300.jpg 214w, http:\/\/nv-kaientroler.de\/wp-content\/uploads\/2024\/09\/642A7706-768x1075.jpg 768w, http:\/\/nv-kaientroler.de\/wp-content\/uploads\/2024\/09\/642A7706-1097x1536.jpg 1097w, http:\/\/nv-kaientroler.de\/wp-content\/uploads\/2024\/09\/642A7706-1463x2048.jpg 1463w, http:\/\/nv-kaientroler.de\/wp-content\/uploads\/2024\/09\/642A7706-300x420.jpg 300w, http:\/\/nv-kaientroler.de\/wp-content\/uploads\/2024\/09\/642A7706-850x1190.jpg 850w, http:\/\/nv-kaientroler.de\/wp-content\/uploads\/2024\/09\/642A7706-scaled.jpg 1829w\" sizes=\"(max-width: 731px) 100vw, 731px\" \/><\/figure>\n\n\n\n<p>Alexander Waibel<br><em>Narrenpolizist<\/em><\/p>\n\n\n\n<figure class=\"wp-block-image size-large is-resized\"><img loading=\"lazy\" decoding=\"async\" width=\"731\" height=\"1024\" src=\"https:\/\/nv-kaientroler.de\/wp-content\/uploads\/2024\/09\/642A7883-731x1024.jpg\" alt=\"\" class=\"wp-image-120\" style=\"width:287px;height:auto\" srcset=\"http:\/\/nv-kaientroler.de\/wp-content\/uploads\/2024\/09\/642A7883-731x1024.jpg 731w, http:\/\/nv-kaientroler.de\/wp-content\/uploads\/2024\/09\/642A7883-214x300.jpg 214w, http:\/\/nv-kaientroler.de\/wp-content\/uploads\/2024\/09\/642A7883-768x1075.jpg 768w, http:\/\/nv-kaientroler.de\/wp-content\/uploads\/2024\/09\/642A7883-1097x1536.jpg 1097w, http:\/\/nv-kaientroler.de\/wp-content\/uploads\/2024\/09\/642A7883-1463x2048.jpg 1463w, http:\/\/nv-kaientroler.de\/wp-content\/uploads\/2024\/09\/642A7883-300x420.jpg 300w, http:\/\/nv-kaientroler.de\/wp-content\/uploads\/2024\/09\/642A7883-850x1190.jpg 850w, http:\/\/nv-kaientroler.de\/wp-content\/uploads\/2024\/09\/642A7883-scaled.jpg 1828w\" sizes=\"(max-width: 731px) 100vw, 731px\" \/><\/figure>\n\n\n\n<p>Matthias Schmitz<br><em>Narrenvater<\/em><\/p>\n\n\n\n<figure class=\"wp-block-image size-large is-resized\"><img loading=\"lazy\" decoding=\"async\" width=\"732\" height=\"1024\" src=\"https:\/\/nv-kaientroler.de\/wp-content\/uploads\/2024\/09\/642A7928-732x1024.jpg\" alt=\"\" class=\"wp-image-121\" style=\"width:291px;height:auto\" srcset=\"http:\/\/nv-kaientroler.de\/wp-content\/uploads\/2024\/09\/642A7928-732x1024.jpg 732w, http:\/\/nv-kaientroler.de\/wp-content\/uploads\/2024\/09\/642A7928-214x300.jpg 214w, http:\/\/nv-kaientroler.de\/wp-content\/uploads\/2024\/09\/642A7928-768x1075.jpg 768w, http:\/\/nv-kaientroler.de\/wp-content\/uploads\/2024\/09\/642A7928-1097x1536.jpg 1097w, http:\/\/nv-kaientroler.de\/wp-content\/uploads\/2024\/09\/642A7928-1463x2048.jpg 1463w, http:\/\/nv-kaientroler.de\/wp-content\/uploads\/2024\/09\/642A7928-300x420.jpg 300w, http:\/\/nv-kaientroler.de\/wp-content\/uploads\/2024\/09\/642A7928-850x1190.jpg 850w, http:\/\/nv-kaientroler.de\/wp-content\/uploads\/2024\/09\/642A7928-scaled.jpg 1829w\" sizes=\"(max-width: 732px) 100vw, 732px\" \/><\/figure>\n\n\n\n<p>Freddy H\u00fcbschle<br><em>Narrenmutter<\/em><\/p>\n\n\n\n<figure class=\"wp-block-image size-large is-resized\"><img loading=\"lazy\" decoding=\"async\" width=\"731\" height=\"1024\" src=\"https:\/\/nv-kaientroler.de\/wp-content\/uploads\/2024\/09\/642A7878-731x1024.jpg\" alt=\"\" class=\"wp-image-122\" style=\"width:291px;height:auto\" srcset=\"http:\/\/nv-kaientroler.de\/wp-content\/uploads\/2024\/09\/642A7878-731x1024.jpg 731w, http:\/\/nv-kaientroler.de\/wp-content\/uploads\/2024\/09\/642A7878-214x300.jpg 214w, http:\/\/nv-kaientroler.de\/wp-content\/uploads\/2024\/09\/642A7878-768x1075.jpg 768w, http:\/\/nv-kaientroler.de\/wp-content\/uploads\/2024\/09\/642A7878-1097x1536.jpg 1097w, http:\/\/nv-kaientroler.de\/wp-content\/uploads\/2024\/09\/642A7878-1463x2048.jpg 1463w, http:\/\/nv-kaientroler.de\/wp-content\/uploads\/2024\/09\/642A7878-300x420.jpg 300w, http:\/\/nv-kaientroler.de\/wp-content\/uploads\/2024\/09\/642A7878-850x1190.jpg 850w, http:\/\/nv-kaientroler.de\/wp-content\/uploads\/2024\/09\/642A7878-scaled.jpg 1828w\" sizes=\"(max-width: 731px) 100vw, 731px\" \/><\/figure>\n\n\n\n<p>Niklas Keller<br><em>Jugendbeisitzer<\/em><\/p>\n","protected":false},"excerpt":{"rendered":"<p>Jessica Preisig&nbsp;Narrenpr\u00e4sidentin (1. Vorstand) Heike RaabeVorsitzende der Narrenschar (2. Vorstand) Sigrid WaibelKassiererin Thomas WaibelZimmerermeister Dominik SchatzSchriftf\u00fchrer Philipp SchatzSchriftf\u00fchrer der Zimmerergilde Maike SchwarzFrauenbeisitzerin Janine M\u00fcllerFrauenbeisitzerin Alexander WaibelNarrenpolizist Matthias SchmitzNarrenvater Freddy H\u00fcbschleNarrenmutter&#8230;<\/p>\n","protected":false},"author":1,"featured_media":0,"parent":0,"menu_order":0,"comment_status":"closed","ping_status":"closed","template":"","meta":{"footnotes":""},"_links":{"self":[{"href":"http:\/\/nv-kaientroler.de\/index.php?rest_route=\/wp\/v2\/pages\/85"}],"collection":[{"href":"http:\/\/nv-kaientroler.de\/index.php?rest_route=\/wp\/v2\/pages"}],"about":[{"href":"http:\/\/nv-kaientroler.de\/index.php?rest_route=\/wp\/v2\/types\/page"}],"author":[{"embeddable":true,"href":"http:\/\/nv-kaientroler.de\/index.php?rest_route=\/wp\/v2\/users\/1"}],"replies":[{"embeddable":true,"href":"http:\/\/nv-kaientroler.de\/index.php?rest_route=%2Fwp%2Fv2%2Fcomments&post=85"}],"version-history":[{"count":7,"href":"http:\/\/nv-kaientroler.de\/index.php?rest_route=\/wp\/v2\/pages\/85\/revisions"}],"predecessor-version":[{"id":276,"href":"http:\/\/nv-kaientroler.de\/index.php?rest_route=\/wp\/v2\/pages\/85\/revisions\/276"}],"wp:attachment":[{"href":"http:\/\/nv-kaientroler.de\/index.php?rest_route=%2Fwp%2Fv2%2Fmedia&parent=85"}],"curies":[{"name":"wp","href":"https:\/\/api.w.org\/{rel}","templated":true}]}}